t g(j) = -j + 4. Let p(c) = -2611*c + 170. Let l(v) = -4*g(v) - p(v). Is l(5) a prime number?
True
Let s be (0 - (-3 - -2)) + 235554 + 21. Suppose -28*p + s = -20*p. Is p a prime number?
False
Suppose 0*z + 3*k + 4 = -2*z, 5*z + 4*k = 4. Let b = -669 + 1859. Suppose z*u - b = 1614. Is u prime?
True
Suppose 43*c - 11303222 = 4773925 + 9387496. Is c composite?
True
Suppose 4*w + 2*z - 212 = 0, -z + 4*z - 102 = -2*w. Suppose -17*y - 448255 = -w*y. Is y a composite number?
True
Suppose -8*z = -12*z - 46960. Let t = -3677 - z. Is t a composite number?
True
Let k(m) = m**2 + 3*m + 1. Let d be k(-4). Suppose d*x + 4059 = 8*x. Suppose 5*h = z - 644, h - 4703 = -5*z - x. Is z a composite number?
True
Let f be 63027/21 + (-2)/7. Let y = 1269 - 3051. Let a = f + y. Is a a prime number?
False
Suppose 0 = -4*d + u + 29, -11*d + 7*d + 5*u = -33. Suppose 0 = -20*o + d*o + 7553. Is o composite?
True
Is 3454945/115 + 2 + -16 a prime number?
True
Suppose -7*a - a - 600 = 0. Is (-45)/a + (-6802)/(-5) prime?
True
Suppose -d + 5*y + 8073 = -3868, 0 = 2*d + 5*y - 23882. Suppose 657 = 2*x - 4*g - d, g = 5*x - 31450. Is x a composite number?
True
Suppose -10*x + 4698787 + 1054063 = 0. Is x composite?
True
Suppose 0 = -4*c + 18908 + 24768. Let x = c + -4620. Is x a prime number?
True
Let d(v) = v**2 + 8*v + 6. Let x be d(0). Suppose -3*j + x*j = 30. Is 296 + -10 + j + (3 - 0) prime?
False
Suppose 16008 = -1034*v + 1040*v. Suppose -9*x + v + 3011 = 0. Is x a prime number?
True
Suppose 3*d + 2 = 2*i - 0, -d - 4*i + 4 = 0. Suppose -j = p - 7, -2*p + d*p = -j - 2. Is (-1009)/((1 - p) + -2 + 3) composite?
False
Suppose 0 = -t - 0*t + 15208 + 15951. Is t a composite number?
False
Let j = -9545 + 63816. Is j a prime number?
False
Suppose -29*o = -16*o - 49309. Is o prime?
True
Let q = 7441 - 4961. Let f = q + -886. Suppose -2*i + 3*r = -f, -6*r + 2*r = 4*i - 3188. Is i a prime number?
True
Let g = 152434 - 75129. Is g composite?
True
Suppose 0 = 9*q - 238462 - 15941. Is q a prime number?
False
Let p(d) = 4*d**3 + 2*d**2 + 14*d - 8. Let g be p(4). Suppose 0 = u + 5*b + g - 6170, -17556 = -3*u + 3*b. Is u a composite number?
False
Let k be (41 + -47)*(-434)/3. Let q = k + -455. Is q a composite number?
True
Let k = 29 + -30. Let y be -1 - (15 - (k + 2)). Is (-237)/(-2)*(-5)/(y/2) prime?
True
Let d = 254 - 226. Suppose -4*c - 4*l = -1016, 0 = -d*c + 23*c - l + 1250. Is c composite?
True
Let t be -1 - (-4)/2*2. Let r be 1 + (52 - t - 2). Suppose -93 = -v + r. Is v composite?
True
Suppose 13007 + 105029 + 416563 = 221*u. Is u a prime number?
False
Suppose -849392 = -4*r + 5*n, r + 4*n - 28181 - 184188 = 0. Is r a composite number?
False
Suppose 35*w = 33*w + 2*d + 75572, -3*w + 113328 = 3*d. Is w composite?
False
Let o = 70 + -30. Suppose 2110 = o*a - 30*a. Is a prime?
True
Suppose 1828484 = 4*g + 7*g + 302905. Is g composite?
True
Let h = 102 - 242. Is 17032/(-6)*105/h a composite number?
False
Let r be (-106)/(-12) + (2 - 11/6). Suppose r - 7 = k. Suppose -12077 = -4*l - 3*i, 0 = k*l - 2*i + 22 - 6050. Is l composite?
True
Is (1028301/(-3) + 1)*(1 + 24/(-16)) a composite number?
False
Suppose 0 = 4*p + 2*k - 239 + 1021, 4*p + k + 787 = 0. Suppose -3*s = -5*i - 5429, i + 3*i - 5*s + 4338 = 0. Let u = p - i. Is u composite?
True
Let z = 207 - 138. Suppose 0 = 5*h - 21 - z. Let y = h - -328. Is y a composite number?
True
Let l(y) = 5*y**2 - 6*y + 8. Let a = -33 + 38. Suppose -o = 5*c + 3*o - 39, a*c - 38 = -3*o. Is l(c) prime?
True
Let r = -58 + 62. Suppose r*s + 1436 = c, 0 = 5*c + s + 32 - 7254. Let j = c + -813. Is j a composite number?
False
Suppose 2*j - 2*c = 9698, 0 = -j + 3*c - 471 + 5322. Let d be 56391/(-33) - 2 - (-146)/(-803). Let q = d + j. Is q prime?
True
Suppose -4*w = -0*w - 8. Let q be (-1)/(3/w*(-2)/(-27)). Let d(y) = -y**3 - y**2 + 9*y - 4. Is d(q) composite?
False
Suppose -2*v + n = -3, 4*v - 21 = -3*n + 8*n. Let k be (-1 - -1)/(-6 + 8). Is -1 + 115 + (v - k) composite?
False
Let u = 406827 + -206634. Suppose 58*t = 37*t + u. Is t composite?
False
Let m(z) = 632*z**3 + 2*z**2 + 4*z - 7. Let l be -3 - (3 - 6) - -2. Is m(l) composite?
True
Let u(d) = 43 - 58*d + 4*d - 8*d. Is u(-6) a prime number?
False
Suppose -o + 4674705 = 12*h, 206733 = -3*h - o + 1375407. Is h composite?
True
Let u(i) = 3464*i**2 + 10*i + 11. Let o be u(4). Suppose 59283 = 14*x - o. Is x composite?
True
Let p(i) = i**3 + 78*i**2 + 105*i - 295. Is p(-61) a prime number?
False
Let s(p) be the second derivative of 107*p**4/2 - 3*p**3/2 + 41*p**2/2 - 5*p - 17. Is s(4) a composite number?
True
Let j(q) be the third derivative of 12*q**5/5 - q**3/6 - 58*q**2. Is j(-6) a prime number?
False
Let j = -2335 + 5269. Let c = -1356 + j. Suppose c = 2*u + 2*l, -4*u = -2*u - l - 1593. Is u prime?
False
Suppose -4*j - 3*y + 9 = 0, -2*y - 6 = -j - 4*y. Let c be 1913 + j + (-5 - -4). Suppose 846 = 2*a - 2*r, 5*a - c = -2*r + 175. Is a prime?
True
Let t be -10 + (-6 - (-7 + -3)). Let l(k) = 223*k**2 - 25*k - 29. Is l(t) composite?
True
Suppose 475908 = 4*q + 5*b, 35*q - 40*q + 594885 = -3*b. Is q composite?
True
Let s(y) = -90*y**2 - 4*y - 29. Let c be s(8). Is (-2)/(c/9685 - (-9)/15) a prime number?
False
Suppose -3*z - 118 - 1801 = 2*n, -2*n + 4*z = 1884. Let a = -561 - n. Is a a composite number?
True
Let k(y) = -11*y**3 + 9*y**2 + 27*y + 307. Is k(-30) a prime number?
True
Suppose 10*o - 24*o = -28. Is o/(((-44115)/6303 - -4) + 3) composite?
True
Let c(v) = -223*v + 187. Let w(o) = -2*o**2 + 21*o - 54. Let r be w(3). Is c(r) composite?
True
Is ((-125260)/(-50) - (-20)/(-2)) + 2/(-10) composite?
True
Let h(l) = -l**3 + 45*l**2 + 50*l - 180. Let d be h(46). Suppose -2*v = -5*y - 2307, v + 4*y - 5751 = -d*v. Is v prime?
True
Suppose 2*q + 2*q - 10224 = 4*d, -q = d + 2560. Suppose 4*k - 1321 = a, 0 = a + 4*a - 5*k + 6560. Let b = a - d. Is b prime?
True
Let w = 121 + -35. Suppose w*n - 88*n = -754. Is n a composite number?
True
Let w = -86600 - -145583. Is w a composite number?
True
Suppose 3*z - 308 = -11. Let i = 2251 - z. Suppose 19*u - 15*u = i. Is u a composite number?
True
Is (1/2 + -2)*(-323472)/1656 a prime number?
True
Let y(s) = 18134*s + 6021. Is y(17) a composite number?
False
Let p be (-102)/4*(-4288)/6. Suppose -76*l + 41*l + 153 = -26*l. Suppose t - l*t = -p. Is t composite?
True
Let f(m) = 2889*m**2 + 108*m - 1129. Is f(12) prime?
False
Suppose -241*c + 388626 = -35293. Is c prime?
True
Suppose -4*k = -5*w + 186535, 129*w = 128*w - 5*k + 37307. Is w prime?
True
Is (-3*(-155668)/(-30))/(12/(-210)) a prime number?
False
Let f(j) = 8*j**2 - 5*j + 32. Let p(n) = -8*n**2 + 4*n - 33. Let g(x) = 6*f(x) + 5*p(x). Let h be g(-15). Suppose 0 = -2*u + 853 + h. Is u a prime number?
False
Let j(q) = 195*q**2 - q + 42. Let l be j(5). Let s = l - 683. Is s a composite number?
False
Let w(h) be the second derivative of -5*h + 0 + 1/2*h**2 + 179/3*h**3. Is w(2) prime?
False
Let r(q) = -228*q**2 + 618*q**2 + 1164*q**2 + 189 + 2*q - 192. Is r(1) prime?
True
Suppose -2*i - 46*c + 51*c = -7576123, -i + 4*c = -3788051. Is i composite?
True
Suppose -3*b - 6*v + v - 5 = 0, b = 2*v + 13. Suppose -5697 = -0*l - b*l + 2*m, 2*l = -3*m + 2275. Is l a prime number?
False
Suppose 20 = 4*m + 4. Let a(y) = 48*y**2 - 5*y - 47. Let f be a(-5). Suppose -302 + f = m*p. Is p a prime number?
False
Let u(q) = 153727*q**2 + 38*q - 98. Is u(3) a composite number?
True
Let i be 15/(-25) + 3/5. Suppose n = -3*y - i*n + 2336, 5*n = y - 800. Suppose 3*c - y = -3*t, 5*t - t = 4*c + 1032. Is t composite?
True
Let y(b) = 23*b**3 - 457*b**2 - 34*b + 1. Is y(27) a composite number?
True
Let d = 48 + -46. Suppose 2 = 2*i + d. Suppose i = -2*y + 3*a + 890, 2*a + 640 = y + 193. Is y prime?
True
Let m = 479 + 8518. Is m prime?
False
Suppose -1496 + 11 = -3*x. Suppose 0 = u - 2*o - x, -5*u + 5*o = -1116 - 1344. Is u a prime number?
False
Let w be 33144/10 - (-4)/(-10). Suppose 122*c - 124*c + w = 0. Is c prime?
True
Suppose 49*l - 462268 = 797179. Is l a composite number?
False
Let j(o) = 140*o**2 + 6*o - 801. Is j(41) a composite number?
True
Suppose 261 = -2*w + 2993. Suppose -5*f + 5*c + 1480 = 0, 4*f - 3*c - w = -186. Let j = -101 + f. Is j a composite number?
False
Is ((-65204)/36)/(52/18 + -7 + 4) prime?
True
Let v be (-2 + (-6211)/(-2))